3. Calculate the greatest common factor of w and 642.
6
Suppose 0*a + a - 136 = 0. Let t(d) = -4*d**3 - 17*d**2 - 13*d + 10. Let r be t(-6). What is the highest common factor of a and r?
68
Let p(w) = w**2 + w + 12. Let j be p(0). Let v(u) = -6*u**2 - 1299*u + 667. Let y be v(-217). What is the greatest common divisor of j and y?
4
Let k be (-8)/12 - 1/(3/(-32)) - -4. Let o(u) = -18*u**3 + 2*u**2 + u. Let h be o(-1). Suppose 61 = 2*x + h. Calculate the highest common divisor of k and x.
7
Suppose 6*l + 4*d - 94 = l, 0 = -4*l + d + 71. Suppose -69 - 33 = 6*f. Let q(c) = -19*c - 125. Let m be q(f). Calculate the highest common divisor of m and l.
18
Suppose 221 - 375 = -p + 122. What is the highest common factor of 207 and p?
69
Let k(a) = a**2 - 6*a + 19. Let f be k(-10). Let s = f - 99. Suppose -130 = -3*b + s. What is the highest common factor of b and 7?
7
Suppose 5*u + 4*s - 294 = 0, 7*s = -2*u + 4*s + 112. Suppose -3*c = 5*y - u, -21 = -y + 3*c - 5. What is the highest common factor of 1 and y?
1
Let i be (1523/7 - (-162)/378)*10/4. What is the highest common divisor of 35 and i?
5
Let b(f) = 7*f + 23. Let l be b(18). Suppose -5*s + 2*z = l, 0 = -2*s + 5*z + 4 - 51. Let t = 70 + s. What is the greatest common factor of 13 and t?
13
Let l be (230/6)/((-391)/(-5865)). What is the greatest common factor of l and 23?
23
Let s(j) = 22*j**3 - 18*j**2 + j + 29. Let t be s(5). What is the highest common factor of t and 6?
6
Let q be 51 - 1*(-1 + 0). Let l(n) = -n - 29. Let x be l(-7). Let w be -8 - x - 1/1. What is the highest common divisor of q and w?
13
Let r be (-16065)/(-18) - (-2)/(-7)*700/80. Calculate the highest common divisor of r and 979.
89
Let y(v) = 18*v**3 - 13*v**2 - 3*v - 3. Let z(c) = -c**3 - 2*c**2 - 1. Let d(f) = -y(f) + 4*z(f). Let t be d(-1). What is the highest common factor of t and 23?
23
Let p(d) = 2*d + 3. Let h be p(0). Suppose -h*q = -53 + 5. Let w be ((-18)/3)/((18/8)/(-3)). What is the greatest common factor of q and w?
8
Let a(u) = u**3 + 9*u**2 + 19. Let b be a(-9). Let t = 22 - b. Suppose g + 7 = 2*z + t, -z + g = -2. What is the greatest common factor of z and 16?
2
Suppose 41*b + 205 = 62*b - 845. Calculate the greatest common factor of b and 15350.
50
Suppose -4*p = 4*r - 60, 11*r - 16*r + 49 = 3*p. Suppose -372 + 2387 = 5*k. What is the highest common factor of k and p?
13
Suppose -38*a + 884500 = -537536. Calculate the highest common divisor of 154 and a.
154
Let k(z) = 2*z**2 + 26*z - 18. Let f be (-1)/1 - 2 - 11. Let o be k(f). Calculate the highest common divisor of o and 70.
10
Suppose -2*p = -4*j + 10, 12*j = -5*p + 8*j + 87. Suppose 0 = 5*y + 4*o - 3504, -2*y - o = -4*o - 1420. Calculate the highest common divisor of p and y.
11
Let l(z) = -3*z**3 + 109*z**2 - 33*z - 52. Let n be l(36). Calculate the highest common divisor of n and 588.
28
Let k be (2/6*-1)/(11/(-759)). Suppose -k = -7*y + 5. Suppose 168 = y*o - 96. What is the highest common divisor of o and 6?
6
Suppose -4*v + 28 - 48 = 0, -v = -4*z + 149. What is the highest common divisor of 1215 and z?
9
Let v = -301 + 371. Suppose v + 2 = 12*h. Let m(s) = -48*s. Let b be m(-1). What is the greatest common factor of b and h?
6
Suppose 5*b = -13*b - 486. Let z be (-2)/6 + 207/b. Let t(a) = -16*a - 58. Let j be t(z). What is the highest common divisor of j and 35?
35
Let l be (-464)/(-2088)*(2 - -7). Calculate the highest common divisor of l and 177.
1
Let y be (-5 - (-13 - -6))*(-6)/(-4). Suppose y*b - 364 = 116. Calculate the highest common divisor of 48 and b.
16
Suppose -2*x + 2*q + 34 = 202, 4*q - 166 = 2*x. Let i be (3 - 7) + 4 - x. Suppose 12 = w - 5. What is the highest common factor of w and i?
17
Let w = 6898 - 6642. Calculate the highest common factor of w and 192.
64
Let q = -425 + 606. Suppose -3*n = -q + 1. Let v(h) = 5*h**3 - 13*h**2 - 6*h + 12. Let u be v(3). What is the highest common divisor of n and u?
12
Let a = -22 - -18. Let y be -15*8/(-36)*(-6)/a. Let w be 2/1 - (y - (-1 - -10)). What is the greatest common factor of w and 18?
6
Let g(l) = 21*l + 498. Suppose 243 - 443 = -10*s. Let j be g(s). Calculate the greatest common factor of 108 and j.
54
Suppose 3*x = 13 + 23. Suppose 40 + x = g. Suppose 3*q - 130 = 2*o, -4*q + 2*o + g = -120. What is the greatest common divisor of q and 63?
21
Suppose 0 = 4*z - 5*s - 91, 5*z - 99 = s + 20. Suppose 5*y - 2*u - 1022 = 0, 8 = 2*u - 0*u. Let d = y - 134. What is the greatest common divisor of d and z?
24
Let k = -31452 + 46300. Calculate the highest common factor of 116 and k.
116
Let w(f) = f**2 - 15*f - 16. Let a be w(18). Suppose -a*l = -26*l - 504. What is the greatest common factor of 1092 and l?
42
Suppose 9*o = 5*o - 1028. Let z = o + 449. Suppose -2*g + 3*j + 141 = 0, -g - 2*g + z = 2*j. What is the greatest common factor of g and 44?
22
Suppose 175 = 63*r - 58*r. Suppose 0 = r*u - 42 - 1323. What is the highest common divisor of 52 and u?
13
Let r = -180 - 110. Let x = -78 - r. Calculate the greatest common factor of x and 53.
53
Let f be (-12 + (-50)/(-4))/((2/2)/19900). What is the highest common factor of f and 50?
50
Let l = -187 + 379. Suppose -l = -5*p + 408. What is the greatest common divisor of p and 30?
30
Let h be (-147)/(-12) - ((-2)/6)/(196/(-147)). What is the greatest common factor of 948 and h?
12
Let w(d) = 1640*d - 316. Let y be w(9). Calculate the highest common divisor of y and 92.
92
Suppose 2*a + 107*i = 104*i + 837, -5*a + 2095 = 5*i. Let h(r) = 27*r**2 - r. Let s be h(-1). What is the highest common divisor of s and a?
28
Let m be 10 + (2113 - 11) + -20. Calculate the greatest common divisor of m and 8.
4
Let s(c) = 25*c - 40. Let g be s(-6). Let q = -179 - g. Suppose 0*z + 286 = 2*z. Calculate the highest common factor of q and z.
11
Suppose s + 4*d - 123 = 0, 355 = -s + 4*s + 5*d. Suppose 2*k - 67 = s. Calculate the highest common factor of k and 21.
7
Let d(f) be the first derivative of 10*f**2 - 128*f + 111. Let u be d(19). What is the greatest common factor of 56 and u?
28
Suppose -2*u + 1 + 55 = 0. Let k = u + -30. Let x(j) = 3*j**2 - 3*j + 2. Let d be x(k). Calculate the highest common factor of d and 180.
20
Suppose 3*p = 16*p - 52. Suppose -5*n - 25 = -4*a, p*a = 3*n - 7*n + 52. Calculate the greatest common factor of 370 and a.
10
Let t = -19 - -16. Let z = t + 9. Suppose -z*k + 42 = -84. What is the greatest common divisor of k and 7?
7
Let t be (-40)/(-90) - (-46180)/18. Let a = 1591 - t. Let g be (-1)/(-3) + a/(-45). What is the greatest common divisor of 11 and g?
11
Suppose 83*v = 386094 - 291480 + 3166954. Calculate the highest common factor of 128 and v.
128
Let n = -298 + 550. What is the highest common divisor of 588 and n?
84
Suppose -3*n - 2*r + 774 = 0, 4*n + 87 = -5*r + 1112. Suppose 39*m = 48*m - 180. Calculate the greatest common divisor of m and n.
20
Let o = 4938 - 2323. Calculate the greatest common factor of o and 5.
5
Let f(s) = -3*s**2 + 9*s - 2*s**3 - 15*s + 5*s + 4*s**2. Let w be f(-2). Let z be 6/(-3) - (-14 + 1). Calculate the highest common divisor of z and w.
11
Suppose 36*b - 996 = -0*b + 18552. Calculate the highest common divisor of 6 and b.
3
Let i(w) be the second derivative of -2*w**3/3 + 12*w**2 - 110*w. Let c be i(5). Calculate the greatest common factor of 172 and c.
4
Let a = 19868 - 15982. Calculate the highest common divisor of a and 402.
134
Let a be (2 - -1) + -5 - 5/(-1). Suppose -3*j = 2*f - 274, 0*f + 441 = 3*f - a*j. What is the highest common factor of f and 11?
11
Suppose -2*b + 5*k + 9 = -b, -k + 7 = 2*b. Let r be (-3)/(-12)*b*637. Calculate the highest common divisor of 13 and r.
13
Let t be (-12609)/(-2)*(920/(-60))/(-23). Calculate the highest common divisor of 18 and t.
9
Suppose -7*y - 448 = -11*y. Let r(l) = 4*l**3 - 14*l**2 - 10*l + 48. Let q be r(4). What is the greatest common factor of y and q?
8
Let j = 71 - 264. Let s = 201 + j. What is the highest common divisor of s and 8?
8
Let z = 18113 - 17722. What is the greatest common factor of 2 and z?
1
Let l(c) be the first derivative of 220*c**3/3 + 15*c**2/2 - 14*c - 229. Let y be l(1). What is the highest common factor of 13 and y?
13
Let k be (5/4)/5 + (-1)/4. Suppose 5*r - 8*r + 2*s + 255 = k, 0 = -2*r + 5*s + 159. Calculate the gre